102112
In base 3, what is 1110110 + -22?
1110011
In base 11, what is -1889 - -67?
-1822
In base 10, what is -5 + 270410?
270405
In base 12, what is 2b79608 + 1?
2b79609
In base 11, what is -894 - 83?
-967
In base 4, what is 101233001 - -1?
101233002
In base 7, what is 11542 + 165?
12040
In base 4, what is 21320 + 303?
22223
In base 2, what is 100011100111 - -110101?
100100011100
In base 7, what is -4 - 4534?
-4541
In base 14, what is 55b + -6?
555
In base 11, what is -589 - -57?
-532
In base 9, what is 726221 + -4?
726216
In base 16, what is -7a20f + 1?
-7a20e
In base 7, what is 20 - 14221?
-14201
In base 12, what is -23820 - -10?
-23810
In base 11, what is 0 - -10168?
10168
In base 15, what is -3 - -b68a?
b687
In base 11, what is 19219 - -18?
19236
In base 11, what is 10607 - 2?
10605
In base 9, what is -4440 - 82?
-4532
In base 8, what is -606 + -271?
-1077
In base 2, what is 1001110011010010011011 - 0?
1001110011010010011011
In base 15, what is 72245 - b?
72239
In base 15, what is -7 + 4c457?
4c450
In base 14, what is -122a6 + -3?
-122a9
In base 3, what is -101 - 200201?
-201002
In base 12, what is -2a7a - -19?
-2a61
In base 3, what is 2120221 - 2122?
2111022
In base 3, what is -211021 - 2210?
-221001
In base 16, what is d74 + 2d?
da1
In base 3, what is -12122002222100 + 1?
-12122002222022
In base 14, what is 138da6 - -2?
138da8
In base 12, what is 6 + 4208?
4212
In base 15, what is 0 - 1348?
-1348
In base 8, what is -557 - -207?
-350
In base 3, what is -10120020 - -21021?
-10021222
In base 7, what is -5 - 206326?
-206334
In base 7, what is -4 + 1144?
1140
In base 15, what is -4 + 36480?
3647b
In base 11, what is 168 - 1680?
-1513
In base 4, what is -22103310320 - -1?
-22103310313
In base 15, what is -24d3 + -6?
-24d9
In base 12, what is 7 + 15837?
15842
In base 16, what is -65d + 7?
-656
In base 4, what is -20332330 - 31?
-20333021
In base 10, what is 3 + -263578?
-263575
In base 11, what is -2062 - -15?
-2048
In base 8, what is 4 - 15725?
-15721
In base 7, what is 3 + -2126603?
-2126600
In base 13, what is 36 + -442b?
-43c5
In base 9, what is -14853 + 1?
-14852
In base 9, what is -26 - -683?
656
In base 9, what is -6551 + 372?
-6168
In base 7, what is -1 - 2154111?
-2154112
In base 15, what is -1a1a9 - 4?
-1a1ad
In base 14, what is -56722 + 1?
-56721
In base 16, what is -6 - -3227b?
32275
In base 5, what is 24044 + 224?
24323
In base 16, what is -6792a - -4?
-67926
In base 4, what is -1012222 + -131?
-1013013
In base 11, what is 3583a7 - -4?
358400
In base 8, what is 63622 + 26?
63650
In base 11, what is 6967 - -2?
6969
In base 8, what is 2122 + 232?
2354
In base 6, what is 21 - -24054?
24115
In base 2, what is -10011001100 + -1000?
-10011010100
In base 13, what is 4 - -1410?
1414
In base 7, what is -11324 + 44?
-11250
In base 16, what is -c5 + -4c8?
-58d
In base 10, what is -3 + 39030?
39027
In base 9, what is -1845 - 24?
-1870
In base 11, what is 43 + 1926?
1969
In base 12, what is 337 + 2a0?
617
In base 4, what is -320222023 - -10?
-320222013
In base 13, what is 1 - -1290c?
12910
In base 6, what is 14 + -4104?
-4050
In base 12, what is -4 - -429b86?
429b82
In base 13, what is -1323 - 39?
-135c
In base 13, what is 5 + 8012?
8017
In base 16, what is a19 + -2a8?
771
In base 10, what is -1208 - -85?
-1123
In base 13, what is -3036 + 28?
-300b
In base 7, what is 551 + -1232?
-351
In base 3, what is -12 + -110211111221?
-110211112010
In base 5, what is -3 + 30034444?
30034441
In base 8, what is -4 + -20312?
-20316
In base 10, what is -1273 + 20?
-1253
In base 12, what is -1 - 14304a?
-14304b
In base 13, what is -153 - -2a7?
154
In base 13, what is -10514 - 4?
-10518
In base 14, what is 170 - -41?
1b1
In base 13, what is -b958 + -31?
-b989
In base 13, what is -394ca - -35?
-39495
In base 11, what is -2 - 152128?
-15212a
In base 9, what is 4 - 128147?
-128143
In base 14, what is 4dc1 - 22?
4d9d
In base 13, what is -15b79 + -2a?
-15ba6
In base 5, what is -33121 + 31?
-33040
In base 13, what is -2bb + 1099?
aab
In base 2, what is -1010 + -111001011011000?
-111001011100010
In base 8, what is 132257 + -23?
132234
In base 16, what is 10741 + -3?
1073e
In base 9, what is 12 - -104617?
104630
In base 3, what is 112021102012 - -12?
112021102101
In base 16, what is -4da29 - 8?
-4da31
In base 7, what is -44254 - -1?
-44253
In base 5, what is 333040 + -210?
332330
In base 13, what is b + 129?
137
In base 8, what is -2507 - -50?
-2437
In base 16, what is 2eb - -32e?
619
In base 5, what is 24 - -10303?
10332
In base 13, what is 903c + 5?
9044
In base 6, what is 434 - 53513?
-53035
In base 10, what is 4 - -1272?
1276
In base 8, what is -4 - -1005106?
1005102
In base 16, what is -29 - -712b?
7102
In base 8, what is 173 + 53?
246
In base 9, what is 241 - 3580?
-3338
In base 8, what is 3 - -55514?
55517
In base 7, what is 2 - -255421?
255423
In base 12, what is 2 + 645981?
645983
In base 9, what is 233 + -672?
-438
In base 10, what is -4 - 512?
-516
In base 13, what is -5 + 2774?
276c
In base 9, what is -108885 - 27?
-110023
In base 4, what is 211323 - 11001?
200322
In base 16, what is 4 - -19997?
1999b
In base 9, what is 2 + -35710?
-35707
In base 9, what is 247 - -2332?
2580
In base 13, what is 84564 + -1?
84563
In base 15, what is 6 + 65c65?
65c6b
In base 3, what is 2012 + 101110?
110122
In base 16, what is 80 + -229?
-1a9
In base 14, what is 405 + 20?
425
In base 2, what is -110 + -1111100101001001?
-1111100101001111
In base 7, what is -3114330 - 2?
-3114332
In base 3, what is 11111001 - 1102?
11102122
In base 10, what is 6880 - 164?
6716
In base 15, what is -3 - -4b9d6?
4b9d3
In base 14, what is 4 + -c3ca?
-c3c6
In base 6, what is 15403441 + -4?
15403433
In base 12, what is -10 - 1330?
-1340
In base 7, what is -2 + 1424604?
1424602
In base 2, what is 1000011100011 + 110?
1000011101001
In base 14, what is 32d + -75?
298
In base 7, what is 143112 + -2?
143110
In base 6, what is -3253140 - -15?
-3253121
In base 12, what is 1b71b + 1?
1b720
In base 8, what is -116462 + -11?
-116473
In base 12, what is 47a + -5?
475
In base 12, what is 2641 - 6?
2637
In base 9, what is 1 - -661338?
661340
In base 15, what is -12 + 24de?
24cc
In base 12, what is -325 + -14?
-339
In base 2, what is -101 + 100001110011000?
100001110010011
In base 12, what is -391 + 316?
-77
In base 9, what is 3 + 267445?
267448
In base 9, what is -1 + -312055?
-312056
In base 4, what is -12300110 - -22?
-12300022
In base 13, what is -93257 + 1?
-93256
In base 16, what is 93 - -1c2?
255
In base 8, what is -34 + -30445?
-30501
In base 16, what is 7cc - -12?
7de
In base 13, what is -1 + -51c4?
-51c5
In base 8, what is 102 + 12621?
12723
In base 16, what is -5 - 8e9b0?
-8e9b5
In base 5, what is 122341 + -10?
122331
In base 7, what is -1465 + -44?
-1542
In base 7, what is -13 + -34532?
-34545
In base 14, what is 378a + -7c?
370c
In base 10, what is 2816 - -14?
2830
In base 4, what is -11 - -1000320110?
1000320033
In base 7, what is -661660 - -116?
-661541
In base 2, what is 1 - 1100011101100100?
-1100011101100011
In base 4, what is -3300101133 + 0?
-3300101133
In base 5, what is -11142 - 1102?
-12244
In base 9, what is -14 + 16311?
16286
In base 14, what is -60a20 - -4?
-60a1a
In base 12, what is -4 + 228886?
228882
In base 15, what is 8 + -a50?
-a47
In base 4, what is -1 - 2130133031?
-2130133032
In base 14, what is -27a1 + -17c?
-293d
In base 12, what is 35147 + -8?
3513b
In base 4, what is 12 - 2021033?
-2021021
In base 14, what is -144a + -5?
-1451
In base 2, what is 1001000000000101 + -11?
1001000000000010
In base 16, what is 6c - 22?
4a
In base 12, what is -5 - 213734?
-213739
In base 14, what is 1617 - d6?
1521
In base 3, what is -11 - 1120011112112?
-1120011112200
In base 2, what is 1111101 + -10000111?
-1010
In base 15, what is -c + -eb0?
-ebc
In base 12, what is -83ba - 6?
-8404
In base 7, what is 1404332 + 5?
1404340
In base 15, what is -4 - -9d9?
9d5
In base 16, what is 2ebf22 + 5?
2ebf27
In base 11, what is -8 - 6203?
-6210
In base 14, what is 6 + -177d10?
-177d08
In base 5, what is -34201 + 10?
-34141
In base 9, what is -1351 - 137?
-1488
In base 6, what is -13 + 20544?
20531
In base 5, what is -320 - 113404?
-114224
In base 15, what is -19936 + -20?
-19956
In base 10, what is 11481